{"id":2113,"date":"2024-10-06T13:16:30","date_gmt":"2024-10-06T13:16:30","guid":{"rendered":"https:\/\/decotrends.tr\/?post_type=product&#038;p=2113"},"modified":"2025-04-12T17:00:38","modified_gmt":"2025-04-12T17:00:38","slug":"ldct08-8-mm-laminat-parke-bitim-profili-sari-eloksal-270-cm","status":"publish","type":"product","link":"https:\/\/decotrends.tr\/?product=ldct08-8-mm-laminat-parke-bitim-profili-sari-eloksal-270-cm","title":{"rendered":"MDF DUVAR PANEL\u0130"},"content":{"rendered":"<p>MDF DUVAR PANEL\u0130<\/p>\n<p>Is\u0131ya Dayan\u0131kl\u0131<\/p>\n","protected":false},"excerpt":{"rendered":"<p>Laminat Parke Profil<\/p>\n","protected":false},"featured_media":2379,"comment_status":"open","ping_status":"closed","template":"","meta":[],"product_brand":[],"product_cat":[33],"product_tag":[71,73,72,69],"class_list":{"0":"post-2113","1":"product","2":"type-product","3":"status-publish","4":"has-post-thumbnail","6":"product_cat-mdf-panel","7":"product_tag-home-decoration","8":"product_tag-mdf","9":"product_tag-office-decoration","10":"product_tag-wall-panel","12":"first","13":"instock","14":"taxable","15":"shipping-taxable","16":"product-type-simple","17":"add-to-wishlist-after_add_to_cart"},"_links":{"self":[{"href":"https:\/\/decotrends.tr\/index.php?rest_route=\/wp\/v2\/product\/2113","targetHints":{"allow":["GET"]}}],"collection":[{"href":"https:\/\/decotrends.tr\/index.php?rest_route=\/wp\/v2\/product"}],"about":[{"href":"https:\/\/decotrends.tr\/index.php?rest_route=\/wp\/v2\/types\/product"}],"replies":[{"embeddable":true,"href":"https:\/\/decotrends.tr\/index.php?rest_route=%2Fwp%2Fv2%2Fcomments&post=2113"}],"wp:featuredmedia":[{"embeddable":true,"href":"https:\/\/decotrends.tr\/index.php?rest_route=\/wp\/v2\/media\/2379"}],"wp:attachment":[{"href":"https:\/\/decotrends.tr\/index.php?rest_route=%2Fwp%2Fv2%2Fmedia&parent=2113"}],"wp:term":[{"taxonomy":"product_brand","embeddable":true,"href":"https:\/\/decotrends.tr\/index.php?rest_route=%2Fwp%2Fv2%2Fproduct_brand&post=2113"},{"taxonomy":"product_cat","embeddable":true,"href":"https:\/\/decotrends.tr\/index.php?rest_route=%2Fwp%2Fv2%2Fproduct_cat&post=2113"},{"taxonomy":"product_tag","embeddable":true,"href":"https:\/\/decotrends.tr\/index.php?rest_route=%2Fwp%2Fv2%2Fproduct_tag&post=2113"}],"curies":[{"name":"wp","href":"https:\/\/api.w.org\/{rel}","templated":true}]}}