{"id":2476,"date":"2025-06-11T12:33:55","date_gmt":"2025-06-11T12:33:55","guid":{"rendered":"https:\/\/decotrends.tr\/?post_type=product&#038;p=2476"},"modified":"2025-06-11T12:33:56","modified_gmt":"2025-06-11T12:33:56","slug":"siyah-dalgali-desen-ayna-58x61","status":"publish","type":"product","link":"https:\/\/decotrends.tr\/?product=siyah-dalgali-desen-ayna-58x61","title":{"rendered":"Siyah Dalgal\u0131 Desen Ayna 58&#215;61"},"content":{"rendered":"<p class=\"\" data-start=\"77\" data-end=\"116\"><strong data-start=\"77\" data-end=\"116\">Cesur ve Sanatsal Bir Dokunu\u015f Kat\u0131n<\/strong><\/p>\n<p class=\"\" data-start=\"118\" data-end=\"398\">Bu siyah dekoratif duvar aynas\u0131 ile ya\u015fam alan\u0131n\u0131za cesur ve sanatsal bir ifade kazand\u0131r\u0131n. 58&#215;61 cm \u00f6l\u00e7\u00fclerindeki bu heykelsi ayna, dokulu siyah \u00e7er\u00e7evesi ve zarif alt\u0131n detaylar\u0131yla g\u00f6z al\u0131c\u0131 organik bir forma sahiptir \u2013 her odaya modern bir l\u00fcks katmak i\u00e7in m\u00fckemmel.<\/p>\n<p class=\"\" data-start=\"400\" data-end=\"715\"><strong data-start=\"402\" data-end=\"427\">Neden Bay\u0131lacaks\u0131n\u0131z:<\/strong><br \/>\n\u2022 E\u015fsiz dalgal\u0131 tasar\u0131m\u0131yla dikkat \u00e7ekici ve sanatsal<br data-start=\"481\" data-end=\"484\" \/>\u2022 Alt\u0131n detaylarla zengin siyah kaplama \u2013 l\u00fcks bir g\u00f6r\u00fcn\u00fcm<br data-start=\"542\" data-end=\"545\" \/>\u2022 Antre, yatak odas\u0131 veya oturma odalar\u0131 i\u00e7in ideal boyut<br data-start=\"602\" data-end=\"605\" \/>\u2022 Etkileyici bir duvar aynas\u0131 ya da vurgu par\u00e7as\u0131 olarak harika bir se\u00e7im<br data-start=\"678\" data-end=\"681\" \/>\u2022 Hafif yap\u0131s\u0131yla kolayca as\u0131l\u0131r<\/p>\n<p class=\"\" data-start=\"717\" data-end=\"945\">Bu ayna sadece i\u015flevsel de\u011fil \u2013 i\u00e7 mekan stilinizi \u00fcst seviyeye ta\u015f\u0131yan bir sanat eseri. Modern, minimal, end\u00fcstriyel ya da g\u00f6z al\u0131c\u0131 bir tarz ar\u0131yor olun, bu par\u00e7a her stile uyum sa\u011flarken ayn\u0131 zamanda dikkatleri \u00fczerine \u00e7eker.<\/p>\n","protected":false},"excerpt":{"rendered":"<p>Cesur ve Sanatsal Bir Dokunu\u015f Kat\u0131n Bu siyah dekoratif duvar aynas\u0131 ile ya\u015fam alan\u0131n\u0131za cesur ve sanatsal bir ifade kazand\u0131r\u0131n. 58&#215;61 cm \u00f6l\u00e7\u00fclerindeki bu heykelsi ayna, dokulu siyah \u00e7er\u00e7evesi ve zarif alt\u0131n detaylar\u0131yla g\u00f6z al\u0131c\u0131 organik bir forma sahiptir \u2013 her odaya modern bir l\u00fcks katmak i\u00e7in m\u00fckemmel. Neden Bay\u0131lacaks\u0131n\u0131z: \u2022 E\u015fsiz dalgal\u0131 tasar\u0131m\u0131yla dikkat [&hellip;]<\/p>\n","protected":false},"featured_media":2481,"comment_status":"open","ping_status":"closed","template":"","meta":[],"product_brand":[],"product_cat":[79],"product_tag":[],"class_list":{"0":"post-2476","1":"product","2":"type-product","3":"status-publish","4":"has-post-thumbnail","6":"product_cat-mirror","8":"first","9":"instock","10":"taxable","11":"shipping-taxable","12":"product-type-simple","13":"add-to-wishlist-after_add_to_cart"},"_links":{"self":[{"href":"https:\/\/decotrends.tr\/index.php?rest_route=\/wp\/v2\/product\/2476","targetHints":{"allow":["GET"]}}],"collection":[{"href":"https:\/\/decotrends.tr\/index.php?rest_route=\/wp\/v2\/product"}],"about":[{"href":"https:\/\/decotrends.tr\/index.php?rest_route=\/wp\/v2\/types\/product"}],"replies":[{"embeddable":true,"href":"https:\/\/decotrends.tr\/index.php?rest_route=%2Fwp%2Fv2%2Fcomments&post=2476"}],"wp:featuredmedia":[{"embeddable":true,"href":"https:\/\/decotrends.tr\/index.php?rest_route=\/wp\/v2\/media\/2481"}],"wp:attachment":[{"href":"https:\/\/decotrends.tr\/index.php?rest_route=%2Fwp%2Fv2%2Fmedia&parent=2476"}],"wp:term":[{"taxonomy":"product_brand","embeddable":true,"href":"https:\/\/decotrends.tr\/index.php?rest_route=%2Fwp%2Fv2%2Fproduct_brand&post=2476"},{"taxonomy":"product_cat","embeddable":true,"href":"https:\/\/decotrends.tr\/index.php?rest_route=%2Fwp%2Fv2%2Fproduct_cat&post=2476"},{"taxonomy":"product_tag","embeddable":true,"href":"https:\/\/decotrends.tr\/index.php?rest_route=%2Fwp%2Fv2%2Fproduct_tag&post=2476"}],"curies":[{"name":"wp","href":"https:\/\/api.w.org\/{rel}","templated":true}]}}