{"id":2939,"date":"2025-06-15T11:39:00","date_gmt":"2025-06-15T11:39:00","guid":{"rendered":"https:\/\/decotrends.tr\/?post_type=product&#038;p=2939"},"modified":"2025-06-15T11:39:59","modified_gmt":"2025-06-15T11:39:59","slug":"dogadan-ilham-alan-zarafet-seramik-vazo-white-13x13x29-cm","status":"publish","type":"product","link":"https:\/\/decotrends.tr\/?product=dogadan-ilham-alan-zarafet-seramik-vazo-white-13x13x29-cm","title":{"rendered":"Do\u011fadan \u0130lham Alan Zarafet Seramik Vazo \u2013 White 13x13x29 cm"},"content":{"rendered":"<p data-start=\"170\" data-end=\"504\">Do\u011fal formlar ve modern sadelikten ilham al\u0131narak tasarlanan bu zarif seramik vazo, \u00fc\u00e7 boyutlu yaprak motifleriyle etkileyici bir y\u00fczey detay\u0131na sahiptir. 13 cm \u00e7ap\u0131 ve 29 cm y\u00fcksekli\u011fiyle masa, konsol ya da sehpa \u00fczeri kullan\u0131m i\u00e7in ideal \u00f6l\u00e7\u00fclere sahip olan \u00fcr\u00fcn; hem dekoratif bir obje hem de \u00e7i\u00e7ek vazosu olarak i\u015flevsellik sunar.<\/p>\n<p data-start=\"506\" data-end=\"767\">Beyaz seramik y\u00fczeyi, bulundu\u011fu alana sade ve rafine bir g\u00f6r\u00fcn\u00fcm kazand\u0131r\u0131rken; kabartmal\u0131 doku ve yaprak fig\u00fcrleri do\u011fayla estetik bir ba\u011f kurar. Minimalist \u00e7izgilerle harmanlanan bu tasar\u0131m, klasik ve \u00e7a\u011fda\u015f dekorasyon anlay\u0131\u015flar\u0131yla kusursuz uyum sa\u011flar.<\/p>\n<p data-start=\"769\" data-end=\"796\"><strong data-start=\"769\" data-end=\"794\">\u00d6ne \u00c7\u0131kan \u00d6zellikler:<\/strong><\/p>\n<ul data-start=\"797\" data-end=\"971\">\n<li data-start=\"797\" data-end=\"832\">\n<p data-start=\"799\" data-end=\"832\">Y\u00fcksek kaliteli seramik malzeme<\/p>\n<\/li>\n<li data-start=\"833\" data-end=\"879\">\n<p data-start=\"835\" data-end=\"879\">El i\u015f\u00e7ili\u011fini yans\u0131tan kabartmal\u0131 detaylar<\/p>\n<\/li>\n<li data-start=\"880\" data-end=\"918\">\n<p data-start=\"882\" data-end=\"918\">Mat beyaz renk ile zamans\u0131z \u015f\u0131kl\u0131k<\/p>\n<\/li>\n<li data-start=\"919\" data-end=\"971\">\n<p data-start=\"921\" data-end=\"971\">Ya\u015fam alanlar\u0131na do\u011fal bir sanat objesi dokunu\u015fu<\/p>\n<\/li>\n<\/ul>\n","protected":false},"excerpt":{"rendered":"<p>Do\u011fal formlar ve modern sadelikten ilham al\u0131narak tasarlanan bu zarif seramik vazo, \u00fc\u00e7 boyutlu yaprak motifleriyle etkileyici bir y\u00fczey detay\u0131na sahiptir. 13 cm \u00e7ap\u0131 ve 29 cm y\u00fcksekli\u011fiyle masa, konsol ya da sehpa \u00fczeri kullan\u0131m i\u00e7in ideal \u00f6l\u00e7\u00fclere sahip olan \u00fcr\u00fcn; hem dekoratif bir obje hem de \u00e7i\u00e7ek vazosu olarak i\u015flevsellik sunar. Beyaz seramik y\u00fczeyi, [&hellip;]<\/p>\n","protected":false},"featured_media":2940,"comment_status":"open","ping_status":"closed","template":"","meta":[],"product_brand":[],"product_cat":[78],"product_tag":[],"class_list":{"0":"post-2939","1":"product","2":"type-product","3":"status-publish","4":"has-post-thumbnail","6":"product_cat-deco-vase","8":"first","9":"instock","10":"taxable","11":"shipping-taxable","12":"product-type-simple","13":"add-to-wishlist-after_add_to_cart"},"_links":{"self":[{"href":"https:\/\/decotrends.tr\/index.php?rest_route=\/wp\/v2\/product\/2939","targetHints":{"allow":["GET"]}}],"collection":[{"href":"https:\/\/decotrends.tr\/index.php?rest_route=\/wp\/v2\/product"}],"about":[{"href":"https:\/\/decotrends.tr\/index.php?rest_route=\/wp\/v2\/types\/product"}],"replies":[{"embeddable":true,"href":"https:\/\/decotrends.tr\/index.php?rest_route=%2Fwp%2Fv2%2Fcomments&post=2939"}],"wp:featuredmedia":[{"embeddable":true,"href":"https:\/\/decotrends.tr\/index.php?rest_route=\/wp\/v2\/media\/2940"}],"wp:attachment":[{"href":"https:\/\/decotrends.tr\/index.php?rest_route=%2Fwp%2Fv2%2Fmedia&parent=2939"}],"wp:term":[{"taxonomy":"product_brand","embeddable":true,"href":"https:\/\/decotrends.tr\/index.php?rest_route=%2Fwp%2Fv2%2Fproduct_brand&post=2939"},{"taxonomy":"product_cat","embeddable":true,"href":"https:\/\/decotrends.tr\/index.php?rest_route=%2Fwp%2Fv2%2Fproduct_cat&post=2939"},{"taxonomy":"product_tag","embeddable":true,"href":"https:\/\/decotrends.tr\/index.php?rest_route=%2Fwp%2Fv2%2Fproduct_tag&post=2939"}],"curies":[{"name":"wp","href":"https:\/\/api.w.org\/{rel}","templated":true}]}}