{"id":2958,"date":"2025-06-15T11:55:49","date_gmt":"2025-06-15T11:55:49","guid":{"rendered":"https:\/\/decotrends.tr\/?post_type=product&#038;p=2958"},"modified":"2025-06-15T11:55:49","modified_gmt":"2025-06-15T11:55:49","slug":"floral-rolyef-seramik-vazo-29-x-13-x-17-cm","status":"publish","type":"product","link":"https:\/\/decotrends.tr\/?product=floral-rolyef-seramik-vazo-29-x-13-x-17-cm","title":{"rendered":"Floral R\u00f6lyef Seramik Vazo \u2013 29 x 13 x 17 cm"},"content":{"rendered":"<p data-start=\"220\" data-end=\"620\">Bu \u00f6zel seramik vazo, y\u00fczeyinde yer alan \u00fc\u00e7 boyutlu \u00e7i\u00e7ek r\u00f6lyefleriyle sanatsal bir obje niteli\u011fi ta\u015f\u0131r. Beyaz mat zemin \u00fczerine tek tek uygulanan mor, lila ve pembenin yumu\u015fak ge\u00e7i\u015fli tonlar\u0131ndaki \u00e7i\u00e7ek detaylar\u0131, vazonun her a\u00e7\u0131dan etkileyici g\u00f6r\u00fcnmesini sa\u011flar. El yap\u0131m\u0131 bu detaylar, \u00fcr\u00fcn\u00fc yaln\u0131zca bir dekoratif e\u015fya de\u011fil ayn\u0131 zamanda i\u00e7 mek\u00e2nlara zarafet katan bir sanat eseri haline getirir.<\/p>\n<p data-start=\"622\" data-end=\"644\"><strong data-start=\"622\" data-end=\"642\">Teknik Bilgiler:<\/strong><\/p>\n<ul data-start=\"645\" data-end=\"842\">\n<li data-start=\"645\" data-end=\"713\">\n<p data-start=\"647\" data-end=\"713\">\u00d6l\u00e7\u00fcler: 29 cm (Geni\u015flik) x 13 cm (Derinlik) x 17 cm (Y\u00fckseklik)<\/p>\n<\/li>\n<li data-start=\"714\" data-end=\"735\">\n<p data-start=\"716\" data-end=\"735\">Materyal: Seramik<\/p>\n<\/li>\n<li data-start=\"736\" data-end=\"792\">\n<p data-start=\"738\" data-end=\"792\">Renk: Beyaz zemin, pastel tonlarda \u00e7i\u00e7ek kabartmalar<\/p>\n<\/li>\n<li data-start=\"793\" data-end=\"842\">\n<p data-start=\"795\" data-end=\"842\">Y\u00fczey: El i\u015f\u00e7ili\u011fi 3D \u00e7i\u00e7ek dekorlar\u0131yla bezeli<\/p>\n<\/li>\n<\/ul>\n","protected":false},"excerpt":{"rendered":"<p>Bu \u00f6zel seramik vazo, y\u00fczeyinde yer alan \u00fc\u00e7 boyutlu \u00e7i\u00e7ek r\u00f6lyefleriyle sanatsal bir obje niteli\u011fi ta\u015f\u0131r. Beyaz mat zemin \u00fczerine tek tek uygulanan mor, lila ve pembenin yumu\u015fak ge\u00e7i\u015fli tonlar\u0131ndaki \u00e7i\u00e7ek detaylar\u0131, vazonun her a\u00e7\u0131dan etkileyici g\u00f6r\u00fcnmesini sa\u011flar. El yap\u0131m\u0131 bu detaylar, \u00fcr\u00fcn\u00fc yaln\u0131zca bir dekoratif e\u015fya de\u011fil ayn\u0131 zamanda i\u00e7 mek\u00e2nlara zarafet katan bir [&hellip;]<\/p>\n","protected":false},"featured_media":2959,"comment_status":"open","ping_status":"closed","template":"","meta":[],"product_brand":[],"product_cat":[78],"product_tag":[],"class_list":{"0":"post-2958","1":"product","2":"type-product","3":"status-publish","4":"has-post-thumbnail","6":"product_cat-deco-vase","8":"first","9":"instock","10":"taxable","11":"shipping-taxable","12":"product-type-simple","13":"add-to-wishlist-after_add_to_cart"},"_links":{"self":[{"href":"https:\/\/decotrends.tr\/index.php?rest_route=\/wp\/v2\/product\/2958","targetHints":{"allow":["GET"]}}],"collection":[{"href":"https:\/\/decotrends.tr\/index.php?rest_route=\/wp\/v2\/product"}],"about":[{"href":"https:\/\/decotrends.tr\/index.php?rest_route=\/wp\/v2\/types\/product"}],"replies":[{"embeddable":true,"href":"https:\/\/decotrends.tr\/index.php?rest_route=%2Fwp%2Fv2%2Fcomments&post=2958"}],"wp:featuredmedia":[{"embeddable":true,"href":"https:\/\/decotrends.tr\/index.php?rest_route=\/wp\/v2\/media\/2959"}],"wp:attachment":[{"href":"https:\/\/decotrends.tr\/index.php?rest_route=%2Fwp%2Fv2%2Fmedia&parent=2958"}],"wp:term":[{"taxonomy":"product_brand","embeddable":true,"href":"https:\/\/decotrends.tr\/index.php?rest_route=%2Fwp%2Fv2%2Fproduct_brand&post=2958"},{"taxonomy":"product_cat","embeddable":true,"href":"https:\/\/decotrends.tr\/index.php?rest_route=%2Fwp%2Fv2%2Fproduct_cat&post=2958"},{"taxonomy":"product_tag","embeddable":true,"href":"https:\/\/decotrends.tr\/index.php?rest_route=%2Fwp%2Fv2%2Fproduct_tag&post=2958"}],"curies":[{"name":"wp","href":"https:\/\/api.w.org\/{rel}","templated":true}]}}